 0. Let r = 263 - y. Is r a prime number?
False
Suppose -b = -2*b. Suppose 127 = g - b*g. Is g a prime number?
True
Let i(s) = s**2 - 6*s + 4. Let m = -11 - -19. Let u be i(m). Suppose -4*t + u + 24 = 0. Is t a prime number?
True
Let l be -1 + (-1 + 20 - 0). Suppose l*t - 444 = 14*t. Is t a composite number?
True
Suppose -5*d - 16 = -5*k - 46, -5*d - 2*k + 23 = 0. Suppose 3*z - d = 4*r, 6*r - 5*z + 5 = r. Is (r/(-3))/((-2)/(-9)) a prime number?
True
Suppose v = -2*j + 3*j + 66, 3*v = 12. Suppose w - 5*g + 52 = 0, g + g = -2*w - 44. Let c = w - j. Is c a composite number?
True
Let s = 1312 - 890. Is s prime?
False
Suppose q - 955 = -4*q. Is q composite?
False
Let m(t) = -40*t + 12. Let l be m(-12). Suppose 4*q = -4*o + l, -q - 3*q - 5*o = -497. Is q composite?
True
Let i(r) = -r**3 + 5*r**2 + r + 5. Suppose -4*y + 9 = 1. Suppose -4*l + 11 = -y*w - 7, 1 = -l - 5*w. Is i(l) prime?
False
Suppose -x + 19 + 202 = 0. Is x a composite number?
True
Let y(x) = 3*x + 20*x**2 - 2*x - 2*x. Let r be (1/(-1))/(-2 + 3). Is y(r) prime?
False
Let a = 6 + 6. Let q be (-2)/(-7) - a/42. Suppose -l - 3*l + 844 = q. Is l composite?
False
Let v = 3743 - 1506. Is v a composite number?
False
Let r be -1*2/4*-6. Suppose 4*d + 3 = r*d. Is (1 + 3 + d)*10 a prime number?
False
Let c = 21 - 19. Suppose c*f = 32 - 2. Is f prime?
False
Suppose d = 10*d - 1251. Is d a composite number?
False
Let m = 19 + -10. Let z = -7 + m. Is (1 - 0) + 72/z prime?
True
Let a(i) = i**3 + 5*i**2 + 8*i - 15. Let w be a(-7). Let p = w - -248. Is p a prime number?
True
Let o(k) = 24*k**2 - 4*k - 1. Let r be o(-3). Suppose x - r + 7 = 3*g, 5*x = -10. Is ((-1)/2)/(1/g) prime?
True
Let k = 14 + -51. Is (-5)/((-5)/(-2)) - k a prime number?
False
Let n(t) = -12*t**3 + 2*t**2 + 2*t + 1. Let m be n(3). Let r = 558 + m. Is r a prime number?
False
Let s = 643 + 48. Is s prime?
True
Let j(u) = 4 + 2*u**3 + 0*u + 3*u - 4*u**2 + u**3. Let h(f) = -f**3 + 4*f**2 - 4*f + 3. Let c be h(2). Is j(c) a composite number?
True
Let d(o) = 110*o**2 + 2*o + 1. Is d(-2) a composite number?
True
Let t(c) = 17*c + 1. Is t(2) a prime number?
False
Suppose 0*q + 2*q - 30 = 0. Let z be (-5)/q + 244/(-6). Let t = -22 - z. Is t prime?
True
Suppose 0 = 4*b + 2*d + d - 344, 0 = b - d - 86. Is b composite?
True
Let a = 4 - 6. Let h(l) = -129*l + 1. Is h(a) a composite number?
True
Suppose 3*f = -o + 2807, 0*f + 5*f - 5*o - 4705 = 0. Is f composite?
False
Suppose 176 - 32 = 4*o. Let x = o - -155. Is x prime?
True
Suppose 1 = 2*k - k. Let n be 2 + 0 - k - -3. Suppose 0 = -a - n + 30. Is a composite?
True
Suppose 5*w = -v + 10, -2*w = -5*v + 2 - 6. Suppose 2*m - 5*m = 0. Is (-67)/(-1 + m) + w prime?
False
Suppose 7 = -n + 2. Is (38/(-5))/(2/n) a composite number?
False
Suppose -314 = -2*f + 12. Is f prime?
True
Let i(q) = -20*q - 43. Is i(-15) prime?
True
Let p = 0 - 6. Suppose 57 = t - 35. Is (-3)/9 - t/p composite?
True
Suppose -4*a + a + 132 = -4*h, -5*h - 3*a - 138 = 0. Let q(d) = d**3 + d**2 + d - 8. Let f be q(0). Let z = f - h. Is z a prime number?
False
Let i(f) = 5*f**3 - 7*f**2 + 5*f + 13. Is i(6) a composite number?
True
Let t(z) = 0 - 4 - z - 1. Let s be t(-7). Is ((-7)/(-4))/(s/8) composite?
False
Suppose n + 511 = -2*q, -499 = q + q - 3*n. Let s = -175 - q. Is s composite?
False
Suppose q + 3109 = 2*q. Is q a composite number?
False
Suppose -5*q - 4*z = 62 - 323, -5*z = -5*q + 270. Is q a composite number?
False
Let m(f) = f + 14. Let p be m(-14). Suppose 0*q = 5*q - 15. Suppose p = -q*c + 10 + 95. Is c prime?
False
Let b(j) = 92*j - 1. Let s be b(1). Suppose -h + 4*d + s = 0, h = -3*h + d + 379. Is h prime?
False
Let c = -40 - -18. Let d = 64 + -42. Is (-2042)/c + 4/d a prime number?
False
Suppose 58 - 13 = 5*c. Let k be (-3)/(c/2028)*-1. Is 2/9 + k/36 composite?
False
Let z = -53 + 22. Let h be (15 + 1/1)*4. Let q = h + z. Is q prime?
False
Let t be -4 - -1 - 9/(-3). Suppose t = -3*d + 5*l + 174, 5*l + 280 = 3*d + 2*d. Is d a prime number?
True
Let g = 314 + -173. Is g a prime number?
False
Let u be (42/9)/((-1)/(-21)). Suppose 0 = 4*i - 2*i - u. Let y = i + -12. Is y a prime number?
True
Let c(z) = -376*z + 1. Let g be c(-1). Suppose -2*v = -5*j + g, v + v = -3*j + 223. Suppose -5*y - i + 120 = 0, j = 4*y + i - 20. Is y a prime number?
False
Suppose -3*l + p + 977 = 0, -2*l - 2*p + 489 = -165. Suppose -2*f + 266 = -l. Is ((-2)/4)/((-4)/f) a composite number?
False
Let r(b) = 3*b**2 + 2*b - 6. Let y(z) = z + 3. Let k be y(8). Let d = -6 + k. Is r(d) prime?
True
Let r(s) = -4*s**3 + 3*s**2 - 3*s + 2. Let n be r(2). Let z = n - -17. Is (6 - z)/(1 - 0) a composite number?
False
Let n(u) = 3*u**3 - 6*u**2 + u + 2. Let m(p) = -13*p**3 + 25*p**2 - 3*p - 9. Let r(v) = -2*m(v) - 9*n(v). Let l be r(2). Is (94/3)/l*3 composite?
False
Let z(v) = -v**3 + 5*v**2 - 3*v + 1. Let p be z(3). Let l(q) = 2*q**2 - 13*q + 9. Is l(p) prime?
True
Suppose 0 = -2*f - 3*p + 455, 2*f - 389 = 2*p + 51. Is f prime?
True
Let b = -6 + 12. Let q be (-334)/(-3) + 4/b. Let d = 7 + q. Is d composite?
True
Let q = -198 + 607. Is q prime?
True
Let f = -10 - -10. Suppose f*v - v + 5*q + 22 = 0, 0 = -2*v - q + 99. Is v prime?
True
Let n(q) = q**3 - 6*q**2 + 10*q - 11. Let f(v) = -v**3 + 7*v**2 - 9*v + 10. Let i(d) = -3*f(d) - 2*n(d). Is i(9) a prime number?
False
Let t(j) = -3*j**3 + 2*j**2 - 6*j + 1. Let b(v) = -7*v**3 + 4*v**2 - 13*v + 1. Let h(o) = -2*b(o) + 5*t(o). Let z be h(2). Is (10 + z)/(1/11) prime?
False
Suppose -2*q - 5*j - 23 = 2*q, -5*q = j + 13. Let w be ((-19)/q)/((-7)/(-28)). Let z = -5 + w. Is z a composite number?
True
Suppose -3*q + 2*l + 178 = 0, -228 = -6*q + 2*q - 2*l. Is q a prime number?
False
Suppose 3*f - 3 = 3*j - 0, 3*f + 5 = -5*j. Is 201 + f/(3 + -2) a prime number?
False
Suppose -5*o = 5*m - 530, 0 = -m - 3*o + 50 + 54. Let h = 174 - m. Is h composite?
False
Suppose 0 = 25*y - 30*y + 7835. Is y a composite number?
False
Suppose 2*n - 44 = -2*n. Suppose i + 0 = n. Is i prime?
True
Let b(y) = 5*y**2 - 2*y - 2. Let q be b(2). Let w = 13 + q. Let u = 53 - w. Is u composite?
True
Is 174 + 3 - 0/(-3) composite?
True
Suppose 0 = -m + 2*d + 1 + 16, 70 = 5*m + 5*d. Is m a composite number?
True
Let v be 10/25 + (-3)/(-5). Let l(m) = -m**2 - 2*m**3 - v + 3*m**2 + m - 5*m - 3*m**2. Is l(-4) prime?
True
Let j(d) = 2*d**2 + 1 + 3 - 3*d - d**2 + 5*d**2 - d**3. Let q be j(5). Let w = q - -29. Is w a prime number?
True
Suppose 4*f = 2008 - 308. Suppose -3*b - 2*b + f = 0. Is b a composite number?
True
Suppose -5*c - 8 = 3*x - x, 0 = 4*x + c - 20. Is 233/3 + (-4)/x prime?
False
Let c(s) = -11*s**3 + 1. Let q be c(-1). Suppose 0 = 3*o + q, 5*x - 4*o + 15 = -19. Is 222/4 + 5/x prime?
False
Suppose d + 628 = 5*d. Is d a prime number?
True
Suppose -5*k = -p - 2, k = -3*p + 6*k + 4. Suppose p*q - 130 = q. Is q composite?
True
Let y(j) = 4 - 1 - 8*j - j**3 - 4 - 2*j**2. Let m be (12/10)/((-1)/5). Is y(m) prime?
True
Is ((-53)/(-2))/(((-28)/232)/(-7)) prime?
False
Let n(l) = l**2 - 2*l - 3. Let d be n(4). Let o be d*3/3*1. Suppose -2*a = -o*a + 231. Is a composite?
True
Suppose 5*n - 3*a - 5777 = 0, 3*a = -n + 304 + 855. Is (n/6)/((-16)/(-24)) a composite number?
True
Let z = 658 - 239. Is z a prime number?
True
Let v(c) = 18*c - 7. Let y = 1 - 30. Let a be y/(-4) + 1/(-4). Is v(a) a composite number?
True
Let m(p) = 11*p**2 + 8*p - 18. Is m(-5) a composite number?
True
Let f = -40 + 603. Is f composite?
False
Let m be 6*(18/4 - 2). Let o(t) = t**3 - 15*t**2 + 11*t - 22. Is o(m) a prime number?
False
Let z = -17 + 8. Is 2/6 - 24/z composite?
False
Suppose 0 = 5*q - 5*s - 15, 4*q = -s + 6 + 6. Suppose 8*b - 3*b = -5*t + 1595, q*b + 1283 = 4*t. Suppose 5*c + 3*h = t, 4*c + 273 = 8*c - h. Is c prime?
True
Suppose 3*y - 2*h - 2*h = 1229, 5*y + 3*h = 2000. Is y a composite number?
True
Suppose 0 = -0*u + u - 5*h + 21, 4*h = -2*u. Let s(k) = -k. Let j(c) = -26*c - 1. Let i(g) = j(g) - 6*s(g). Is i(u) prime?
False
Let s be 1 - -1*(-3)/3. Let m(k) = -k**3 - k**2 - k + 21. Is m(s) a composite number?
True
Suppose 0 = -15*j + 18*j - 177. Is j a composite number?
False
Suppose 0*j - 8 = -j. Suppose -3*b + j*b = 10. Suppose -u + 28 = 3*u - 4*p, -5*u + 23 = -b*p. Is u prime?
True
Suppose -1779 = 5*u + 311. Is (u/8)/((-1)/4) a prime number?
False
Let x = -43